{"id":310,"date":"2016-12-20T18:10:16","date_gmt":"2016-12-20T16:10:16","guid":{"rendered":"https:\/\/patschenpicker.wordpress.com\/?page_id=310"},"modified":"2022-01-09T18:29:22","modified_gmt":"2022-01-09T17:29:22","slug":"tour-2000","status":"publish","type":"page","link":"https:\/\/www.patschenpicker.com\/?page_id=310","title":{"rendered":"Tour 2000"},"content":{"rendered":"\n<p>Eine Tour gemeinsam mit meiner lieben Frau Susi und auch diesmal wieder mit dabei &#8211; mein Vater.<\/p>\n\n\n\n<p>Tirol, S\u00fcdtirol, K\u00e4rnten und Salzburg in 7 Tagen. Von Kitzb\u00fchel aus fahren wir 630 km und dabei \u00fcber einige Alpenp\u00e4sse.<\/p>\n\n\n\n<div class=\"wp-block-jetpack-tiled-gallery aligncenter is-style-rectangular\"><div class=\"tiled-gallery__gallery\"><div class=\"tiled-gallery__row\"><div class=\"tiled-gallery__col\" style=\"flex-basis:66.09203%\"><figure class=\"tiled-gallery__item\"><img decoding=\"async\" srcset=\"https:\/\/i0.wp.com\/www.patschenpicker.com\/wp-content\/uploads\/2022\/01\/img_20161220_0018_new-1024x702-1-1024x702.jpg?strip=info&#038;w=600 600w,https:\/\/i0.wp.com\/www.patschenpicker.com\/wp-content\/uploads\/2022\/01\/img_20161220_0018_new-1024x702-1-1024x702.jpg?strip=info&#038;w=900 900w,https:\/\/i0.wp.com\/www.patschenpicker.com\/wp-content\/uploads\/2022\/01\/img_20161220_0018_new-1024x702-1-1024x702.jpg?strip=info&#038;w=1200 1200w,https:\/\/i0.wp.com\/www.patschenpicker.com\/wp-content\/uploads\/2022\/01\/img_20161220_0018_new-1024x702-1-1024x702.jpg?strip=info&#038;w=1479 1479w\" alt=\"\" data-height=\"1014\" data-id=\"5033\" data-link=\"https:\/\/www.patschenpicker.com\/?attachment_id=5033\" data-url=\"https:\/\/www.patschenpicker.com\/wp-content\/uploads\/2022\/01\/img_20161220_0018_new-1024x702-1-1024x702.jpg\" data-width=\"1479\" src=\"https:\/\/i0.wp.com\/www.patschenpicker.com\/wp-content\/uploads\/2022\/01\/img_20161220_0018_new-1024x702-1-1024x702.jpg\" data-amp-layout=\"responsive\"\/><\/figure><\/div><div class=\"tiled-gallery__col\" style=\"flex-basis:33.90797%\"><figure class=\"tiled-gallery__item\"><img decoding=\"async\" srcset=\"https:\/\/i0.wp.com\/www.patschenpicker.com\/wp-content\/uploads\/2022\/01\/img_20161220_0017_new-1024x675-1-1024x675.jpg?strip=info&#038;w=600 600w,https:\/\/i0.wp.com\/www.patschenpicker.com\/wp-content\/uploads\/2022\/01\/img_20161220_0017_new-1024x675-1-1024x675.jpg?strip=info&#038;w=900 900w,https:\/\/i0.wp.com\/www.patschenpicker.com\/wp-content\/uploads\/2022\/01\/img_20161220_0017_new-1024x675-1-1024x675.jpg?strip=info&#038;w=1200 1200w,https:\/\/i0.wp.com\/www.patschenpicker.com\/wp-content\/uploads\/2022\/01\/img_20161220_0017_new-1024x675-1-1024x675.jpg?strip=info&#038;w=1500 1500w,https:\/\/i0.wp.com\/www.patschenpicker.com\/wp-content\/uploads\/2022\/01\/img_20161220_0017_new-1024x675-1-1024x675.jpg?strip=info&#038;w=1508 1508w\" alt=\"\" data-height=\"994\" data-id=\"5032\" data-link=\"https:\/\/www.patschenpicker.com\/?attachment_id=5032\" data-url=\"https:\/\/www.patschenpicker.com\/wp-content\/uploads\/2022\/01\/img_20161220_0017_new-1024x675-1-1024x675.jpg\" data-width=\"1508\" src=\"https:\/\/i0.wp.com\/www.patschenpicker.com\/wp-content\/uploads\/2022\/01\/img_20161220_0017_new-1024x675-1-1024x675.jpg\" data-amp-layout=\"responsive\"\/><\/figure><figure class=\"tiled-gallery__item\"><img decoding=\"async\" srcset=\"https:\/\/i0.wp.com\/www.patschenpicker.com\/wp-content\/uploads\/2022\/01\/img_20161220_0001_new-1024x686-1-1024x686.jpg?strip=info&#038;w=600 600w,https:\/\/i0.wp.com\/www.patschenpicker.com\/wp-content\/uploads\/2022\/01\/img_20161220_0001_new-1024x686-1-1024x686.jpg?strip=info&#038;w=900 900w,https:\/\/i0.wp.com\/www.patschenpicker.com\/wp-content\/uploads\/2022\/01\/img_20161220_0001_new-1024x686-1-1024x686.jpg?strip=info&#038;w=1200 1200w,https:\/\/i0.wp.com\/www.patschenpicker.com\/wp-content\/uploads\/2022\/01\/img_20161220_0001_new-1024x686-1-1024x686.jpg?strip=info&#038;w=1496 1496w\" alt=\"\" data-height=\"1002\" data-id=\"5035\" data-link=\"https:\/\/www.patschenpicker.com\/?attachment_id=5035\" data-url=\"https:\/\/www.patschenpicker.com\/wp-content\/uploads\/2022\/01\/img_20161220_0001_new-1024x686-1-1024x686.jpg\" data-width=\"1496\" src=\"https:\/\/i0.wp.com\/www.patschenpicker.com\/wp-content\/uploads\/2022\/01\/img_20161220_0001_new-1024x686-1-1024x686.jpg\" data-amp-layout=\"responsive\"\/><\/figure><\/div><\/div><\/div><\/div>\n\n\n\n<p>Im Zelt planen wir die Route f\u00fcr den n\u00e4chsten Tag. Wir fahren von Kitzb\u00fchel nach Innsbruck (inkl. Patschen von mir direkt vor einem Sportgesch\u00e4ft) und weiter ins \u00d6tztal. In S\u00f6lden f\u00fcllen wir die Vorr\u00e4te auf und weiter geht\u00b4s auf\u00b4s Timmelsjoch (2509m).<\/p>\n\n\n\n<div class=\"wp-block-jetpack-tiled-gallery aligncenter is-style-rectangular\"><div class=\"tiled-gallery__gallery\"><div class=\"tiled-gallery__row\"><div class=\"tiled-gallery__col\" style=\"flex-basis:37.84440%\"><figure class=\"tiled-gallery__item\"><img decoding=\"async\" srcset=\"https:\/\/i2.wp.com\/www.patschenpicker.com\/wp-content\/uploads\/2022\/01\/img_20161220_0003_new-796x1024-1-796x1024.jpg?strip=info&#038;w=600 600w,https:\/\/i2.wp.com\/www.patschenpicker.com\/wp-content\/uploads\/2022\/01\/img_20161220_0003_new-796x1024-1-796x1024.jpg?strip=info&#038;w=900 900w,https:\/\/i2.wp.com\/www.patschenpicker.com\/wp-content\/uploads\/2022\/01\/img_20161220_0003_new-796x1024-1-796x1024.jpg?strip=info&#038;w=1080 1080w\" alt=\"\" data-height=\"1389\" data-id=\"5037\" data-link=\"https:\/\/www.patschenpicker.com\/?attachment_id=5037\" data-url=\"https:\/\/www.patschenpicker.com\/wp-content\/uploads\/2022\/01\/img_20161220_0003_new-796x1024-1-796x1024.jpg\" data-width=\"1080\" src=\"https:\/\/i2.wp.com\/www.patschenpicker.com\/wp-content\/uploads\/2022\/01\/img_20161220_0003_new-796x1024-1-796x1024.jpg\" data-amp-layout=\"responsive\"\/><\/figure><\/div><div class=\"tiled-gallery__col\" style=\"flex-basis:35.42479%\"><figure class=\"tiled-gallery__item\"><img decoding=\"async\" srcset=\"https:\/\/i2.wp.com\/www.patschenpicker.com\/wp-content\/uploads\/2022\/01\/img_20161220_0002_new-745x1024-1-745x1024.jpg?strip=info&#038;w=600 600w,https:\/\/i2.wp.com\/www.patschenpicker.com\/wp-content\/uploads\/2022\/01\/img_20161220_0002_new-745x1024-1-745x1024.jpg?strip=info&#038;w=900 900w,https:\/\/i2.wp.com\/www.patschenpicker.com\/wp-content\/uploads\/2022\/01\/img_20161220_0002_new-745x1024-1-745x1024.jpg?strip=info&#038;w=1045 1045w\" alt=\"\" data-height=\"1436\" data-id=\"5036\" data-link=\"https:\/\/www.patschenpicker.com\/?attachment_id=5036\" data-url=\"https:\/\/www.patschenpicker.com\/wp-content\/uploads\/2022\/01\/img_20161220_0002_new-745x1024-1-745x1024.jpg\" data-width=\"1045\" src=\"https:\/\/i2.wp.com\/www.patschenpicker.com\/wp-content\/uploads\/2022\/01\/img_20161220_0002_new-745x1024-1-745x1024.jpg\" data-amp-layout=\"responsive\"\/><\/figure><\/div><div class=\"tiled-gallery__col\" style=\"flex-basis:26.73081%\"><figure class=\"tiled-gallery__item\"><img decoding=\"async\" srcset=\"https:\/\/i0.wp.com\/www.patschenpicker.com\/wp-content\/uploads\/2022\/01\/img_20161220_0004_new-562x1024-1-562x1024.jpg?strip=info&#038;w=600 600w,https:\/\/i0.wp.com\/www.patschenpicker.com\/wp-content\/uploads\/2022\/01\/img_20161220_0004_new-562x1024-1-562x1024.jpg?strip=info&#038;w=900 900w,https:\/\/i0.wp.com\/www.patschenpicker.com\/wp-content\/uploads\/2022\/01\/img_20161220_0004_new-562x1024-1-562x1024.jpg?strip=info&#038;w=907 907w\" alt=\"\" data-height=\"1653\" data-id=\"5038\" data-link=\"https:\/\/www.patschenpicker.com\/?attachment_id=5038\" data-url=\"https:\/\/www.patschenpicker.com\/wp-content\/uploads\/2022\/01\/img_20161220_0004_new-562x1024-1-562x1024.jpg\" data-width=\"907\" src=\"https:\/\/i0.wp.com\/www.patschenpicker.com\/wp-content\/uploads\/2022\/01\/img_20161220_0004_new-562x1024-1-562x1024.jpg\" data-amp-layout=\"responsive\"\/><\/figure><\/div><\/div><\/div><\/div>\n\n\n\n<p>Wir genie\u00dfen die Aussicht und weiter geht\u00b4s nach Italien. Gleich fahren wir wieder hinauf auf den Jaufenpass (2094 m).<\/p>\n\n\n\n<div class=\"wp-block-jetpack-tiled-gallery aligncenter is-style-rectangular\"><div class=\"tiled-gallery__gallery\"><div class=\"tiled-gallery__row\"><div class=\"tiled-gallery__col\" style=\"flex-basis:49.23063%\"><figure class=\"tiled-gallery__item\"><img decoding=\"async\" srcset=\"https:\/\/i1.wp.com\/www.patschenpicker.com\/wp-content\/uploads\/2022\/01\/img_20161220_0010_new-1024x706-1-1024x706.jpg?strip=info&#038;w=600 600w,https:\/\/i1.wp.com\/www.patschenpicker.com\/wp-content\/uploads\/2022\/01\/img_20161220_0010_new-1024x706-1-1024x706.jpg?strip=info&#038;w=900 900w,https:\/\/i1.wp.com\/www.patschenpicker.com\/wp-content\/uploads\/2022\/01\/img_20161220_0010_new-1024x706-1-1024x706.jpg?strip=info&#038;w=1200 1200w,https:\/\/i1.wp.com\/www.patschenpicker.com\/wp-content\/uploads\/2022\/01\/img_20161220_0010_new-1024x706-1-1024x706.jpg?strip=info&#038;w=1475 1475w\" alt=\"\" data-height=\"1017\" data-id=\"5044\" data-link=\"https:\/\/www.patschenpicker.com\/?attachment_id=5044\" data-url=\"https:\/\/www.patschenpicker.com\/wp-content\/uploads\/2022\/01\/img_20161220_0010_new-1024x706-1-1024x706.jpg\" data-width=\"1475\" src=\"https:\/\/i1.wp.com\/www.patschenpicker.com\/wp-content\/uploads\/2022\/01\/img_20161220_0010_new-1024x706-1-1024x706.jpg\" data-amp-layout=\"responsive\"\/><\/figure><figure class=\"tiled-gallery__item\"><img decoding=\"async\" srcset=\"https:\/\/i0.wp.com\/www.patschenpicker.com\/wp-content\/uploads\/2022\/01\/img_20161220_0009_new-1024x688-1-1024x688.jpg?strip=info&#038;w=600 600w,https:\/\/i0.wp.com\/www.patschenpicker.com\/wp-content\/uploads\/2022\/01\/img_20161220_0009_new-1024x688-1-1024x688.jpg?strip=info&#038;w=900 900w,https:\/\/i0.wp.com\/www.patschenpicker.com\/wp-content\/uploads\/2022\/01\/img_20161220_0009_new-1024x688-1-1024x688.jpg?strip=info&#038;w=1200 1200w,https:\/\/i0.wp.com\/www.patschenpicker.com\/wp-content\/uploads\/2022\/01\/img_20161220_0009_new-1024x688-1-1024x688.jpg?strip=info&#038;w=1494 1494w\" alt=\"\" data-height=\"1004\" data-id=\"5043\" data-link=\"https:\/\/www.patschenpicker.com\/?attachment_id=5043\" data-url=\"https:\/\/www.patschenpicker.com\/wp-content\/uploads\/2022\/01\/img_20161220_0009_new-1024x688-1-1024x688.jpg\" data-width=\"1494\" src=\"https:\/\/i0.wp.com\/www.patschenpicker.com\/wp-content\/uploads\/2022\/01\/img_20161220_0009_new-1024x688-1-1024x688.jpg\" data-amp-layout=\"responsive\"\/><\/figure><\/div><div class=\"tiled-gallery__col\" style=\"flex-basis:50.76937%\"><figure class=\"tiled-gallery__item\"><img decoding=\"async\" srcset=\"https:\/\/i1.wp.com\/www.patschenpicker.com\/wp-content\/uploads\/2022\/01\/img_20161220_0008_new-770x1024-1-770x1024.jpg?strip=info&#038;w=600 600w,https:\/\/i1.wp.com\/www.patschenpicker.com\/wp-content\/uploads\/2022\/01\/img_20161220_0008_new-770x1024-1-770x1024.jpg?strip=info&#038;w=900 900w,https:\/\/i1.wp.com\/www.patschenpicker.com\/wp-content\/uploads\/2022\/01\/img_20161220_0008_new-770x1024-1-770x1024.jpg?strip=info&#038;w=1062 1062w\" alt=\"\" data-height=\"1412\" data-id=\"5042\" data-link=\"https:\/\/www.patschenpicker.com\/?attachment_id=5042\" data-url=\"https:\/\/www.patschenpicker.com\/wp-content\/uploads\/2022\/01\/img_20161220_0008_new-770x1024-1-770x1024.jpg\" data-width=\"1062\" src=\"https:\/\/i1.wp.com\/www.patschenpicker.com\/wp-content\/uploads\/2022\/01\/img_20161220_0008_new-770x1024-1-770x1024.jpg\" data-amp-layout=\"responsive\"\/><\/figure><\/div><\/div><\/div><\/div>\n\n\n\n<p>Am Abend genie\u00dfen wir ab und zu ein Fl\u00e4schchen Wein. Ja &#8211; Leistung soll belohnt sein. Das tolle Wetter ist dann leider Geschichte. Ab Bruneck fahren wir tapfer im Regen. Mein 2. Patschen&nbsp;l\u00e4sst auch nicht lange auf sich warten&#8230;<\/p>\n\n\n\n<div class=\"wp-block-jetpack-tiled-gallery aligncenter is-style-rectangular\"><div class=\"tiled-gallery__gallery\"><div class=\"tiled-gallery__row\"><div class=\"tiled-gallery__col\" style=\"flex-basis:65.28533%\"><figure class=\"tiled-gallery__item\"><img decoding=\"async\" srcset=\"https:\/\/i0.wp.com\/www.patschenpicker.com\/wp-content\/uploads\/2022\/01\/img_20161220_0014_new-945x1024-1-945x1024.jpg?strip=info&#038;w=600 600w,https:\/\/i0.wp.com\/www.patschenpicker.com\/wp-content\/uploads\/2022\/01\/img_20161220_0014_new-945x1024-1-945x1024.jpg?strip=info&#038;w=900 900w,https:\/\/i0.wp.com\/www.patschenpicker.com\/wp-content\/uploads\/2022\/01\/img_20161220_0014_new-945x1024-1-945x1024.jpg?strip=info&#038;w=1177 1177w\" alt=\"\" data-height=\"1275\" data-id=\"5029\" data-link=\"https:\/\/www.patschenpicker.com\/?attachment_id=5029\" data-url=\"https:\/\/www.patschenpicker.com\/wp-content\/uploads\/2022\/01\/img_20161220_0014_new-945x1024-1-945x1024.jpg\" data-width=\"1177\" src=\"https:\/\/i0.wp.com\/www.patschenpicker.com\/wp-content\/uploads\/2022\/01\/img_20161220_0014_new-945x1024-1-945x1024.jpg\" data-amp-layout=\"responsive\"\/><\/figure><\/div><div class=\"tiled-gallery__col\" style=\"flex-basis:34.71467%\"><figure class=\"tiled-gallery__item\"><img decoding=\"async\" srcset=\"https:\/\/i2.wp.com\/www.patschenpicker.com\/wp-content\/uploads\/2022\/01\/img_20161220_0011_new-1024x660-1-1024x660.jpg?strip=info&#038;w=600 600w,https:\/\/i2.wp.com\/www.patschenpicker.com\/wp-content\/uploads\/2022\/01\/img_20161220_0011_new-1024x660-1-1024x660.jpg?strip=info&#038;w=900 900w,https:\/\/i2.wp.com\/www.patschenpicker.com\/wp-content\/uploads\/2022\/01\/img_20161220_0011_new-1024x660-1-1024x660.jpg?strip=info&#038;w=1200 1200w,https:\/\/i2.wp.com\/www.patschenpicker.com\/wp-content\/uploads\/2022\/01\/img_20161220_0011_new-1024x660-1-1024x660.jpg?strip=info&#038;w=1500 1500w,https:\/\/i2.wp.com\/www.patschenpicker.com\/wp-content\/uploads\/2022\/01\/img_20161220_0011_new-1024x660-1-1024x660.jpg?strip=info&#038;w=1526 1526w\" alt=\"\" data-height=\"983\" data-id=\"5045\" data-link=\"https:\/\/www.patschenpicker.com\/?attachment_id=5045\" data-url=\"https:\/\/www.patschenpicker.com\/wp-content\/uploads\/2022\/01\/img_20161220_0011_new-1024x660-1-1024x660.jpg\" data-width=\"1526\" src=\"https:\/\/i2.wp.com\/www.patschenpicker.com\/wp-content\/uploads\/2022\/01\/img_20161220_0011_new-1024x660-1-1024x660.jpg\" data-amp-layout=\"responsive\"\/><\/figure><figure class=\"tiled-gallery__item\"><img decoding=\"async\" srcset=\"https:\/\/i2.wp.com\/www.patschenpicker.com\/wp-content\/uploads\/2022\/01\/img_20161220_0012_new-1024x773-1-1024x773.jpg?strip=info&#038;w=600 600w,https:\/\/i2.wp.com\/www.patschenpicker.com\/wp-content\/uploads\/2022\/01\/img_20161220_0012_new-1024x773-1-1024x773.jpg?strip=info&#038;w=900 900w,https:\/\/i2.wp.com\/www.patschenpicker.com\/wp-content\/uploads\/2022\/01\/img_20161220_0012_new-1024x773-1-1024x773.jpg?strip=info&#038;w=1200 1200w,https:\/\/i2.wp.com\/www.patschenpicker.com\/wp-content\/uploads\/2022\/01\/img_20161220_0012_new-1024x773-1-1024x773.jpg?strip=info&#038;w=1410 1410w\" alt=\"\" data-height=\"1064\" data-id=\"5046\" data-link=\"https:\/\/www.patschenpicker.com\/?attachment_id=5046\" data-url=\"https:\/\/www.patschenpicker.com\/wp-content\/uploads\/2022\/01\/img_20161220_0012_new-1024x773-1-1024x773.jpg\" data-width=\"1410\" src=\"https:\/\/i2.wp.com\/www.patschenpicker.com\/wp-content\/uploads\/2022\/01\/img_20161220_0012_new-1024x773-1-1024x773.jpg\" data-amp-layout=\"responsive\"\/><\/figure><figure class=\"tiled-gallery__item\"><img decoding=\"async\" srcset=\"https:\/\/i1.wp.com\/www.patschenpicker.com\/wp-content\/uploads\/2022\/01\/img_20161220_0013_new-1024x636-1-1024x636.jpg?strip=info&#038;w=600 600w,https:\/\/i1.wp.com\/www.patschenpicker.com\/wp-content\/uploads\/2022\/01\/img_20161220_0013_new-1024x636-1-1024x636.jpg?strip=info&#038;w=900 900w,https:\/\/i1.wp.com\/www.patschenpicker.com\/wp-content\/uploads\/2022\/01\/img_20161220_0013_new-1024x636-1-1024x636.jpg?strip=info&#038;w=1200 1200w,https:\/\/i1.wp.com\/www.patschenpicker.com\/wp-content\/uploads\/2022\/01\/img_20161220_0013_new-1024x636-1-1024x636.jpg?strip=info&#038;w=1500 1500w,https:\/\/i1.wp.com\/www.patschenpicker.com\/wp-content\/uploads\/2022\/01\/img_20161220_0013_new-1024x636-1-1024x636.jpg?strip=info&#038;w=1554 1554w\" alt=\"\" data-height=\"965\" data-id=\"5028\" data-link=\"https:\/\/www.patschenpicker.com\/?attachment_id=5028\" data-url=\"https:\/\/www.patschenpicker.com\/wp-content\/uploads\/2022\/01\/img_20161220_0013_new-1024x636-1-1024x636.jpg\" data-width=\"1554\" src=\"https:\/\/i1.wp.com\/www.patschenpicker.com\/wp-content\/uploads\/2022\/01\/img_20161220_0013_new-1024x636-1-1024x636.jpg\" data-amp-layout=\"responsive\"\/><\/figure><\/div><\/div><\/div><\/div>\n\n\n\n<p>\u00dcber Lienz, den Iselsberg bei Sauwetter und K\u00e4lte geht\u00b4s weiter auf den Glockner (2504 m). Regen und Schnee lassen gr\u00fc\u00dfen und wir kaufen Handschuhe und Hauben ein, um f\u00fcr die Weiterfahrt ger\u00fcstet zu sein. In einem geheizten Zimmer bei der Mautstelle in Heiligenblut verbringen wir die Nacht, um dem Erfrierungstod am Campingplatz zu entgehen.<\/p>\n\n\n\n<div class=\"wp-block-jetpack-tiled-gallery aligncenter is-style-rectangular\"><div class=\"tiled-gallery__gallery\"><div class=\"tiled-gallery__row\"><div class=\"tiled-gallery__col\" style=\"flex-basis:66.96001%\"><figure class=\"tiled-gallery__item\"><img decoding=\"async\" srcset=\"https:\/\/i2.wp.com\/www.patschenpicker.com\/wp-content\/uploads\/2022\/01\/img_20161220_0005_new-1024x741-1-1024x741.jpg?strip=info&#038;w=600 600w,https:\/\/i2.wp.com\/www.patschenpicker.com\/wp-content\/uploads\/2022\/01\/img_20161220_0005_new-1024x741-1-1024x741.jpg?strip=info&#038;w=900 900w,https:\/\/i2.wp.com\/www.patschenpicker.com\/wp-content\/uploads\/2022\/01\/img_20161220_0005_new-1024x741-1-1024x741.jpg?strip=info&#038;w=1200 1200w,https:\/\/i2.wp.com\/www.patschenpicker.com\/wp-content\/uploads\/2022\/01\/img_20161220_0005_new-1024x741-1-1024x741.jpg?strip=info&#038;w=1440 1440w\" alt=\"\" data-height=\"1042\" data-id=\"5039\" data-link=\"https:\/\/www.patschenpicker.com\/?attachment_id=5039\" data-url=\"https:\/\/www.patschenpicker.com\/wp-content\/uploads\/2022\/01\/img_20161220_0005_new-1024x741-1-1024x741.jpg\" data-width=\"1440\" src=\"https:\/\/i2.wp.com\/www.patschenpicker.com\/wp-content\/uploads\/2022\/01\/img_20161220_0005_new-1024x741-1-1024x741.jpg\" data-amp-layout=\"responsive\"\/><\/figure><\/div><div class=\"tiled-gallery__col\" style=\"flex-basis:33.03999%\"><figure class=\"tiled-gallery__item\"><img decoding=\"async\" srcset=\"https:\/\/i2.wp.com\/www.patschenpicker.com\/wp-content\/uploads\/2022\/01\/img_20161220_0006_new-697x1024-1-697x1024.jpg?strip=info&#038;w=600 600w,https:\/\/i2.wp.com\/www.patschenpicker.com\/wp-content\/uploads\/2022\/01\/img_20161220_0006_new-697x1024-1-697x1024.jpg?strip=info&#038;w=900 900w,https:\/\/i2.wp.com\/www.patschenpicker.com\/wp-content\/uploads\/2022\/01\/img_20161220_0006_new-697x1024-1-697x1024.jpg?strip=info&#038;w=1010 1010w\" alt=\"\" data-height=\"1484\" data-id=\"5040\" data-link=\"https:\/\/www.patschenpicker.com\/?attachment_id=5040\" data-url=\"https:\/\/www.patschenpicker.com\/wp-content\/uploads\/2022\/01\/img_20161220_0006_new-697x1024-1-697x1024.jpg\" data-width=\"1010\" src=\"https:\/\/i2.wp.com\/www.patschenpicker.com\/wp-content\/uploads\/2022\/01\/img_20161220_0006_new-697x1024-1-697x1024.jpg\" data-amp-layout=\"responsive\"\/><\/figure><\/div><\/div><div class=\"tiled-gallery__row\"><div class=\"tiled-gallery__col\" style=\"flex-basis:71.24069%\"><figure class=\"tiled-gallery__item\"><img decoding=\"async\" srcset=\"https:\/\/i0.wp.com\/www.patschenpicker.com\/wp-content\/uploads\/2022\/01\/img_20161220_0007_new-1024x734-1-1024x734.jpg?strip=info&#038;w=600 600w,https:\/\/i0.wp.com\/www.patschenpicker.com\/wp-content\/uploads\/2022\/01\/img_20161220_0007_new-1024x734-1-1024x734.jpg?strip=info&#038;w=900 900w,https:\/\/i0.wp.com\/www.patschenpicker.com\/wp-content\/uploads\/2022\/01\/img_20161220_0007_new-1024x734-1-1024x734.jpg?strip=info&#038;w=1200 1200w,https:\/\/i0.wp.com\/www.patschenpicker.com\/wp-content\/uploads\/2022\/01\/img_20161220_0007_new-1024x734-1-1024x734.jpg?strip=info&#038;w=1447 1447w\" alt=\"\" data-height=\"1037\" data-id=\"5041\" data-link=\"https:\/\/www.patschenpicker.com\/?attachment_id=5041\" data-url=\"https:\/\/www.patschenpicker.com\/wp-content\/uploads\/2022\/01\/img_20161220_0007_new-1024x734-1-1024x734.jpg\" data-width=\"1447\" src=\"https:\/\/i0.wp.com\/www.patschenpicker.com\/wp-content\/uploads\/2022\/01\/img_20161220_0007_new-1024x734-1-1024x734.jpg\" data-amp-layout=\"responsive\"\/><\/figure><\/div><div class=\"tiled-gallery__col\" style=\"flex-basis:28.75931%\"><figure class=\"tiled-gallery__item\"><img decoding=\"async\" srcset=\"https:\/\/i1.wp.com\/www.patschenpicker.com\/wp-content\/uploads\/2022\/01\/img_20161220_0016_new-1024x700-1-1024x700.jpg?strip=info&#038;w=600 600w,https:\/\/i1.wp.com\/www.patschenpicker.com\/wp-content\/uploads\/2022\/01\/img_20161220_0016_new-1024x700-1-1024x700.jpg?strip=info&#038;w=900 900w,https:\/\/i1.wp.com\/www.patschenpicker.com\/wp-content\/uploads\/2022\/01\/img_20161220_0016_new-1024x700-1-1024x700.jpg?strip=info&#038;w=1200 1200w,https:\/\/i1.wp.com\/www.patschenpicker.com\/wp-content\/uploads\/2022\/01\/img_20161220_0016_new-1024x700-1-1024x700.jpg?strip=info&#038;w=1481 1481w\" alt=\"\" data-height=\"1013\" data-id=\"5031\" data-link=\"https:\/\/www.patschenpicker.com\/?attachment_id=5031\" data-url=\"https:\/\/www.patschenpicker.com\/wp-content\/uploads\/2022\/01\/img_20161220_0016_new-1024x700-1-1024x700.jpg\" data-width=\"1481\" src=\"https:\/\/i1.wp.com\/www.patschenpicker.com\/wp-content\/uploads\/2022\/01\/img_20161220_0016_new-1024x700-1-1024x700.jpg\" data-amp-layout=\"responsive\"\/><\/figure><figure class=\"tiled-gallery__item\"><img decoding=\"async\" srcset=\"https:\/\/i1.wp.com\/www.patschenpicker.com\/wp-content\/uploads\/2022\/01\/img_20161220_0021_new-944x1024-1-944x1024.jpg?strip=info&#038;w=600 600w,https:\/\/i1.wp.com\/www.patschenpicker.com\/wp-content\/uploads\/2022\/01\/img_20161220_0021_new-944x1024-1-944x1024.jpg?strip=info&#038;w=900 900w,https:\/\/i1.wp.com\/www.patschenpicker.com\/wp-content\/uploads\/2022\/01\/img_20161220_0021_new-944x1024-1-944x1024.jpg?strip=info&#038;w=1176 1176w\" alt=\"\" data-height=\"1276\" data-id=\"5034\" data-link=\"https:\/\/www.patschenpicker.com\/?attachment_id=5034\" data-url=\"https:\/\/www.patschenpicker.com\/wp-content\/uploads\/2022\/01\/img_20161220_0021_new-944x1024-1-944x1024.jpg\" data-width=\"1176\" src=\"https:\/\/i1.wp.com\/www.patschenpicker.com\/wp-content\/uploads\/2022\/01\/img_20161220_0021_new-944x1024-1-944x1024.jpg\" data-amp-layout=\"responsive\"\/><\/figure><\/div><\/div><\/div><\/div>\n\n\n\n<p>Nach dem Glockner fahren wir \u00fcber den Pass Thurn zur\u00fcck nach Kitzb\u00fchel und schon ist die Tour 2000 geschafft und Geschichte.<\/p>\n","protected":false},"excerpt":{"rendered":"<p>Eine Tour gemeinsam mit meiner lieben Frau Susi und auch diesmal wieder mit dabei &#8211; mein Vater. Tirol, S\u00fcdtirol, K\u00e4rnten und Salzburg in 7 Tagen. Von Kitzb\u00fchel aus fahren wir 630 km und dabei \u00fcber einige Alpenp\u00e4sse. Im Zelt planen wir die Route f\u00fcr den n\u00e4chsten Tag. Wir fahren von Kitzb\u00fchel nach Innsbruck (inkl. Patschen [&hellip;]<\/p>\n","protected":false},"author":1,"featured_media":0,"parent":0,"menu_order":0,"comment_status":"closed","ping_status":"closed","template":"","meta":{"footnotes":""},"class_list":["post-310","page","type-page","status-publish","hentry"],"jetpack_sharing_enabled":true,"_links":{"self":[{"href":"https:\/\/www.patschenpicker.com\/index.php?rest_route=\/wp\/v2\/pages\/310","targetHints":{"allow":["GET"]}}],"collection":[{"href":"https:\/\/www.patschenpicker.com\/index.php?rest_route=\/wp\/v2\/pages"}],"about":[{"href":"https:\/\/www.patschenpicker.com\/index.php?rest_route=\/wp\/v2\/types\/page"}],"author":[{"embeddable":true,"href":"https:\/\/www.patschenpicker.com\/index.php?rest_route=\/wp\/v2\/users\/1"}],"replies":[{"embeddable":true,"href":"https:\/\/www.patschenpicker.com\/index.php?rest_route=%2Fwp%2Fv2%2Fcomments&post=310"}],"version-history":[{"count":4,"href":"https:\/\/www.patschenpicker.com\/index.php?rest_route=\/wp\/v2\/pages\/310\/revisions"}],"predecessor-version":[{"id":5050,"href":"https:\/\/www.patschenpicker.com\/index.php?rest_route=\/wp\/v2\/pages\/310\/revisions\/5050"}],"wp:attachment":[{"href":"https:\/\/www.patschenpicker.com\/index.php?rest_route=%2Fwp%2Fv2%2Fmedia&parent=310"}],"curies":[{"name":"wp","href":"https:\/\/api.w.org\/{rel}","templated":true}]}}